the prime factors of 160898?
2, 80449
List the prime factors of 891900.
2, 3, 5, 991
List the prime factors of 6567531.
3, 2189177
List the prime factors of 6377409.
3, 708601
What are the prime factors of 2867011?
7, 409573
What are the prime factors of 31817608?
2, 17, 179, 1307
What are the prime factors of 162180?
2, 3, 5, 17, 53
List the prime factors of 41563.
89, 467
What are the prime factors of 683620?
2, 5, 7, 19, 257
What are the prime factors of 2420984?
2, 37, 8179
List the prime factors of 892895.
5, 43, 4153
List the prime factors of 91759.
89, 1031
What are the prime factors of 5852353?
13, 547, 823
List the prime factors of 6992685.
3, 5, 7, 79, 281
What are the prime factors of 29472?
2, 3, 307
What are the prime factors of 1639591?
97, 16903
List the prime factors of 700494.
2, 3, 313, 373
What are the prime factors of 14356173?
3, 13, 368107
List the prime factors of 458022.
2, 3, 23, 3319
What are the prime factors of 15286443?
3, 487, 10463
List the prime factors of 742979.
311, 2389
What are the prime factors of 878538?
2, 3, 146423
What are the prime factors of 430666?
2, 349, 617
List the prime factors of 1215930.
2, 3, 5, 40531
What are the prime factors of 10603901?
7, 11, 137713
List the prime factors of 229191.
3, 241, 317
What are the prime factors of 292592?
2, 18287
List the prime factors of 589161.
3, 196387
What are the prime factors of 2816810?
2, 5, 23, 37, 331
List the prime factors of 3972777.
3, 41, 32299
What are the prime factors of 337614?
2, 3, 56269
List the prime factors of 4298216.
2, 13, 37, 1117
What are the prime factors of 1655762?
2, 701, 1181
What are the prime factors of 279383?
13, 21491
What are the prime factors of 710841?
3, 236947
What are the prime factors of 4961499?
3, 1033, 1601
What are the prime factors of 13928299?
7, 11, 25841
What are the prime factors of 4298381?
4298381
List the prime factors of 8805564.
2, 3, 81533
List the prime factors of 12971206.
2, 31, 209213
What are the prime factors of 25146729?
3, 103, 27127
List the prime factors of 30205770.
2, 3, 5, 7, 17, 8461
List the prime factors of 6829449.
3, 11, 206953
List the prime factors of 513112.
2, 31, 2069
What are the prime factors of 123472?
2, 7717
List the prime factors of 677971.
7, 23, 4211
List the prime factors of 357306.
2, 3, 17, 31, 113
What are the prime factors of 3089973?
3, 67, 15373
List the prime factors of 631431.
3, 17, 4127
List the prime factors of 7745446.
2, 73, 53051
What are the prime factors of 652971?
3, 11, 47, 421
What are the prime factors of 478780?
2, 5, 37, 647
List the prime factors of 143021.
17, 47, 179
What are the prime factors of 14249319?
3, 7, 47, 14437
List the prime factors of 6976175.
5, 279047
What are the prime factors of 165849?
3, 59, 937
List the prime factors of 85732.
2, 21433
List the prime factors of 1213122.
2, 3, 202187
What are the prime factors of 505993?
487, 1039
What are the prime factors of 470870?
2, 5, 47087
List the prime factors of 2760354.
2, 3, 153353
What are the prime factors of 337189?
337189
List the prime factors of 14902686.
2, 3, 827927
What are the prime factors of 216921?
3, 72307
List the prime factors of 2102.
2, 1051
What are the prime factors of 10887349?
11, 23, 1871
What are the prime factors of 15711?
3, 5237
What are the prime factors of 300331?
300331
What are the prime factors of 211826?
2, 105913
What are the prime factors of 6153055?
5, 19, 239, 271
What are the prime factors of 1936416?
2, 3, 23, 877
What are the prime factors of 83151?
3, 9239
What are the prime factors of 1949837?
19, 41, 2503
What are the prime factors of 142140?
2, 3, 5, 23, 103
What are the prime factors of 624126?
2, 3, 104021
What are the prime factors of 172101?
3, 57367
List the prime factors of 972233.
23, 41, 1031
What are the prime factors of 170864?
2, 59, 181
List the prime factors of 86219.
7, 109, 113
List the prime factors of 1731521.
11, 157411
List the prime factors of 175629.
3, 58543
List the prime factors of 10349281.
19, 544699
What are the prime factors of 3236413?
3236413
What are the prime factors of 15197681?
15197681
What are the prime factors of 2432341?
317, 7673
List the prime factors of 1519073.
59, 25747
What are the prime factors of 3273903?
3, 363767
List the prime factors of 39527.
29, 47
What are the prime factors of 6322005?
3, 5, 37, 3797
List the prime factors of 3592456.
2, 7, 64151
What are the prime factors of 536919?
3, 178973
List the prime factors of 606575.
5, 19, 1277
List the prime factors of 1078307.
19, 29, 103
List the prime factors of 2307.
3, 769
List the prime factors of 534423.
3, 178141
What are the prime factors of 4796564?
2, 43, 79, 353
List the prime factors of 1202283.
3, 14843
What are the prime factors of 1121553?
3, 41539
What are the prime factors of 12248373?
3, 61, 66931
What are the prime factors of 368654?
2, 11, 13, 1289
List the prime factors of 25256783.
23, 1098121
List the prime factors of 10320871.
11, 47, 19963
What are the prime factors of 184321?
184321
What are the prime factors of 2088096?
2, 3, 21751
List the prime factors of 19811622.
2, 3, 109, 30293
What are the prime factors of 246486?
2, 3, 41081
What are the prime factors of 1521283?
317, 4799
What are the prime factors of 235549?
109, 2161
List the prime factors of 183755.
5, 11, 13, 257
What are the prime factors of 53736?
2, 3, 2239
List the prime factors of 979448.
2, 191, 641
What are the prime factors of 3475929?
3, 1158643
List the prime factors of 139095.
3, 5, 11, 281
List the prime factors of 18269857.
211, 86587
What are the prime factors of 1235428?
2, 308857
What are the prime factors of 2689163?
2689163
List the prime factors of 247992.
2, 3, 10333
What are the prime factors of 2232783?
3, 7, 61, 83
What are the prime factors of 3207300?
2, 3, 5, 10691
List the prime factors of 748142.
2, 29, 12899
What are the prime factors of 7815303?
3, 157, 5531
List the prime factors of 9565104.
2, 3, 101, 1973
What are the prime factors of 873789?
3, 7, 41609
List the prime factors of 3522419.
1009, 3491
What are the prime factors of 295995?
3, 5, 7, 2819
List the prime factors of 45511.
71, 641
What are the prime factors of 1168874?
2, 7, 29, 2879
What are the prime factors of 240798?
2, 3, 67, 599
What are the prime factors of 5401039?
7, 107, 7211
What are the prime factors of 3944238?
2, 3, 17, 38669
List the prime factors of 173449.
29, 5981
What are the prime factors of 13689616?
2, 855601
List the prime factors of 412711.
13, 53, 599
What are the prime factors of 1327373?
1327373
What are the prime factors of 307584?
2, 3, 89
What are the prime factors of 274426?
2, 43, 3191
List the prime factors of 268415.
5, 7, 7669
What are the prime factors of 487532?
2, 121883
What are the prime factors of 565899?
3, 188633
What are the prime factors of 557554?
2, 29, 9613
List the prime factors of 302949.
3, 41, 821
List the prime factors of 243836.
2, 47, 1297
What are the prime factors of 59940?
2, 3, 5, 37
List the prime factors of 3312601.
3312601
List the prime factors of 7371858.
2, 3, 13, 29, 3259
List the prime factors of 134283.
3, 17, 2633
What are the prime factors of 2344710?
2, 3, 5, 78157
List the prime factors of 3753715.
5, 7, 23, 4663
List the prime factors of 7174.
2, 17, 211
List the prime factors of 8315068.
2, 31, 67057
List the prime factors of 373197.
3, 11, 43, 263
What are the prime factors of 232255?
5, 46451
What are the prime factors of 9095239?
1483, 6133
List the prime factors of 1248830.
2, 5, 11, 11353
What are the prime factors of 188080?
2, 5, 2351
What are the prime factors of 2411573?
23, 104851
List the prime factors of 15608746.
2, 37, 210929
What are the prime factors of 17752393?
509, 34877
What are the prime factors of 624200?
2, 5, 3121
What are the prime factors of 314174?
2, 7, 22441
List the prime factors of 1325910.
2, 3, 5, 193, 229
What are the prime factors of 10846?
2, 11, 17, 29
What are the prime factors of 5393120?
2, 5, 37, 911
List the prime factors of 1156549.
19, 29, 2099
List the prime factors of 90300.
2, 3, 5, 7, 43
List the prime factors of 12533473.
641, 19553
List the prime factors of 2239659.
3, 248851
List the prime factors of 496955.
5, 99391
List the pri